est common divisor of 30 and 3940.
10
What is the highest common factor of 455 and 104?
13
What is the highest common factor of 36 and 198?
18
What is the greatest common factor of 17 and 17?
17
What is the highest common divisor of 1309 and 34?
17
What is the highest common divisor of 8 and 3176?
8
Calculate the highest common factor of 54 and 1908.
18
Calculate the highest common divisor of 36 and 96.
12
Calculate the greatest common divisor of 297 and 2112.
33
Calculate the highest common factor of 533 and 52.
13
Calculate the greatest common divisor of 4891 and 365.
73
What is the highest common factor of 152 and 15656?
152
What is the greatest common divisor of 84425 and 307?
307
Calculate the greatest common divisor of 22 and 1430.
22
What is the greatest common divisor of 23 and 11523?
23
Calculate the greatest common divisor of 168 and 525.
21
What is the highest common divisor of 44 and 946?
22
What is the highest common divisor of 10 and 265?
5
What is the highest common factor of 9240 and 1344?
168
What is the greatest common factor of 48 and 888?
24
Calculate the greatest common factor of 2256 and 48.
48
What is the greatest common divisor of 15 and 39?
3
Calculate the greatest common divisor of 296 and 26.
2
Calculate the highest common divisor of 13035 and 55.
55
Calculate the highest common factor of 9 and 261.
9
Calculate the greatest common divisor of 166 and 6.
2
Calculate the highest common factor of 330 and 44.
22
What is the highest common divisor of 312 and 96?
24
What is the highest common factor of 18360 and 480?
120
What is the highest common factor of 803 and 55?
11
Calculate the highest common factor of 15 and 40.
5
What is the greatest common divisor of 288 and 648?
72
What is the greatest common divisor of 55 and 125?
5
Calculate the greatest common divisor of 96 and 80.
16
Calculate the greatest common divisor of 460 and 160.
20
Calculate the highest common divisor of 372 and 24.
12
What is the highest common divisor of 4 and 652?
4
Calculate the highest common factor of 1768 and 13.
13
What is the highest common divisor of 29130 and 30?
30
Calculate the highest common factor of 15 and 3.
3
What is the greatest common divisor of 10 and 1495?
5
Calculate the highest common divisor of 1344 and 1848.
168
Calculate the greatest common factor of 77 and 91.
7
Calculate the greatest common divisor of 731 and 102.
17
Calculate the greatest common factor of 92 and 4.
4
What is the highest common divisor of 6210 and 315?
45
Calculate the greatest common factor of 35 and 17815.
35
What is the highest common divisor of 8 and 2012?
4
Calculate the highest common divisor of 8 and 5288.
8
Calculate the greatest common factor of 648 and 2754.
162
What is the greatest common factor of 1474 and 528?
22
Calculate the highest common factor of 1254 and 228.
114
Calculate the highest common divisor of 15 and 1005.
15
Calculate the greatest common factor of 16 and 208.
16
What is the highest common divisor of 7250 and 87?
29
What is the highest common divisor of 884 and 1496?
68
Calculate the greatest common factor of 279 and 9.
9
Calculate the greatest common divisor of 16709 and 77.
77
What is the highest common divisor of 98 and 346?
2
Calculate the highest common divisor of 72 and 60.
12
Calculate the greatest common divisor of 60 and 200.
20
Calculate the greatest common factor of 27482 and 364.
182
What is the highest common divisor of 4 and 484?
4
What is the highest common divisor of 56 and 1134?
14
What is the greatest common factor of 147 and 21?
21
Calculate the highest common factor of 748 and 36.
4
Calculate the greatest common divisor of 1540 and 980.
140
What is the greatest common factor of 25 and 45?
5
Calculate the highest common divisor of 70 and 20.
10
What is the highest common factor of 748 and 68?
68
What is the greatest common factor of 578 and 34?
34
What is the highest common divisor of 16 and 12176?
16
What is the greatest common divisor of 4 and 398?
2
What is the highest common divisor of 290 and 1015?
145
Calculate the highest common factor of 117 and 9.
9
Calculate the highest common divisor of 1048 and 393.
131
Calculate the greatest common factor of 12 and 192.
12
What is the greatest common divisor of 731 and 391?
17
Calculate the greatest common divisor of 132 and 2364.
12
Calculate the highest common divisor of 5015 and 85.
85
Calculate the highest common factor of 994 and 14.
14
What is the greatest common divisor of 5972 and 4?
4
Calculate the greatest common divisor of 14 and 777.
7
Calculate the highest common divisor of 143 and 22.
11
What is the highest common divisor of 522 and 17574?
174
Calculate the greatest common divisor of 130 and 1755.
65
What is the highest common factor of 167 and 3?
1
Calculate the greatest common divisor of 1726 and 4.
2
Calculate the highest common divisor of 22 and 935.
11
What is the highest common divisor of 201 and 19?
1
What is the greatest common divisor of 250 and 50?
50
What is the greatest common divisor of 143 and 44?
11
What is the highest common divisor of 455 and 52?
13
What is the highest common divisor of 273 and 117?
39
What is the greatest common divisor of 270 and 36?
18
What is the greatest common factor of 323 and 133?
19
What is the highest common factor of 646 and 190?
38
What is the greatest common factor of 12 and 16?
4
Calculate the highest common factor of 1363 and 3625.
29
Calculate the highest common factor of 8 and 8.
8
Calculate the highest common factor of 498 and 6.
6
Calculate the highest common divisor of 5229 and 126.
63
What is the greatest common divisor of 18 and 162?
18
What is the highest common factor of 38 and 171?
19
Calculate the highest common divisor of 702 and 130.
26
Calculate the highest common factor of 12 and 74436.
12
What is the greatest common divisor of 19278 and 102?
102
Calculate the greatest common divisor of 24 and 156.
12
What is the highest common divisor of 4 and 500?
4
What is the greatest common divisor of 308 and 231?
77
What is the greatest common divisor of 1572 and 36?
12
What is the greatest common divisor of 3350 and 150?
50
What is the greatest common factor of 544 and 1054?
34
What is the highest common factor of 108 and 72?
36
Calculate the greatest common factor of 6 and 1296.
6
Calculate the greatest common divisor of 13 and 416.
13
What is the highest common divisor of 656 and 64?
16
What is the highest common factor of 252 and 567?
63
Calculate the highest common factor of 990 and 40.
10
What is the highest common divisor of 30 and 1280?
10
What is the greatest common divisor of 465 and 12?
3
What is the highest common factor of 204 and 1860?
12
What is the greatest common divisor of 7 and 147?
7
What is the highest common divisor of 22173 and 114?
57
What is the greatest common factor of 8 and 5128?
8
What is the highest common factor of 22033 and 11?
11
What is the highest common factor of 44 and 2134?
22
Calculate the highest common divisor of 83 and 83.
83
Calculate the greatest common divisor of 14 and 566.
2
What is the greatest common factor of 60 and 612?
12
Calculate the greatest common divisor of 11 and 121.
11
What is the greatest common factor of 70 and 22435?
35
What is the highest common factor of 297 and 44?
11
Calculate the highest common divisor of 84 and 96.
12
What is the greatest common factor of 41 and 3403?
41
Calculate the greatest common divisor of 2964 and 1558.
38
Calculate the greatest common divisor of 780 and 962.
26
Calculate the greatest common factor of 105 and 41300.
35
What is the greatest common factor of 387 and 9?
9
Calculate the greatest common factor of 259 and 481.
37
Calculate the greatest common divisor of 7965 and 1890.
135
What is the greatest common divisor of 11 and 825?
11
Calculate the greatest common factor of 120 and 80.
40
What is the highest common divisor of 852 and 12?
12
Calculate the highest common factor of 14673 and 438.
219
Calculate the greatest common divisor of 50 and 7525.
25
What is the greatest common factor of 864 and 816?
48
Calculate the greatest common factor of 2077 and 124.
31
What is the highest common divisor of 1000 and 5750?
250
Calculate the highest common divisor of 354 and 246.
6
What is the highest common di